s be l(c). Calculate the greatest common divisor of 5 and s.
5
Let v(x) = x**3 + 4*x**2 - 4*x + 5. Let u be v(-5). Suppose u*f - f = -1. Calculate the highest common divisor of f and 8.
1
Let l(b) = b**3 - 13*b**2 - 7*b + 4. Let t be l(14). Calculate the greatest common factor of 68 and t.
34
Let h be (-124)/(-2)*1/2. Let l = -21 + h. Calculate the highest common divisor of l and 25.
5
Suppose -5*r - 3*c = -3, 5 = 3*r + 2*r + 5*c. Let i(x) = 4*x - 2*x - 3*x + 10. Let o be i(r). Calculate the greatest common divisor of o and 80.
10
Suppose n - 2 + 1 = 0. Let z be 98 + (-2 - 1/n). Calculate the highest common divisor of z and 38.
19
Let p = 21 - 9. Calculate the highest common divisor of 15 and p.
3
Suppose -q + t = -16, -2*q + 12 = -0*q + 2*t. What is the highest common divisor of 33 and q?
11
Let v(x) = -x + 7. Let s = 0 - -3. Suppose -9 = -s*c + 9. Let f be v(c). Calculate the highest common divisor of 5 and f.
1
Let d = -21 - -35. Let p = 15 + -1. Calculate the highest common factor of p and d.
14
Let p be ((-4)/6)/((-4)/6). Suppose -5*b - 13 = 2*n, 3*n - 4*b - 3 = 12. Calculate the greatest common factor of p and n.
1
Let s be 2*4*2 + (8 - 6). Calculate the highest common factor of 72 and s.
18
Let p(k) = 5*k - 25. Let u be p(14). Calculate the highest common divisor of u and 5.
5
Suppose -g - 96 = -7*g. Suppose -f = -4*h - g, -4*f + 2*f + 17 = -3*h. Suppose v - 17 - 3 = 0. What is the highest common factor of f and v?
4
Let o(m) = 2*m**2 + 45*m + 25. Let d be o(-23). What is the highest common divisor of d and 48?
48
Let a(j) = j**2 + 16*j + 9. Let w be a(-17). Suppose 0 = z + z - 2*x - w, 3*x - 81 = -5*z. What is the highest common divisor of 105 and z?
15
Suppose -3*p = o - 6*p + 13, 0 = o + 5*p - 27. Let q be o/(((-3)/(-1))/33). What is the highest common divisor of q and 2?
2
Let p = 187 - 130. Calculate the highest common divisor of p and 38.
19
Suppose -2*c + 4 = -12. Suppose -3*s = c - 50. Calculate the highest common factor of 21 and s.
7
Let w(i) = -i - 11. Let t be w(-15). Let f = 0 + 3. Let j be ((-6)/t)/(f/(-2)). What is the highest common divisor of 1 and j?
1
Let x be (-1)/(-4) - 239/(-4). Let o be x/8*(-16)/(-6). Suppose -m + o = 3*m. What is the highest common divisor of m and 30?
5
Let p = -181 + 190. Let q = -9 - -15. What is the highest common divisor of p and q?
3
Let g(i) = 2*i**2 + 20*i + 32. Let j be g(-12). Let l = 8 + -5. Suppose -2*c = -l*c + 32. Calculate the highest common factor of j and c.
16
Suppose 5*q - 3*x - 4 = -1, -2 = 2*q - 2*x. Suppose -5*w + h = 5*h - 34, 12 = -q*h. Suppose -5*s + 214 = -186. Calculate the highest common factor of s and w.
10
Let v(f) = 7*f**3 - 2*f**2 + 5*f + 1. Let p be v(3). Calculate the highest common factor of p and 17.
17
Let w be (-10)/(-3) - 1/3. Let j = 6 + -4. Suppose 0 = -y + 4 + j. What is the highest common factor of w and y?
3
Suppose -2*a + 3*a + 415 = 0. Let f be ((1 - 0) + -2)*a. Suppose 2*q + 0*b - 207 = 3*b, -4*q + 5*b + f = 0. What is the greatest common factor of q and 15?
15
Let u = 11 - -1. Let q be u - (-1 - 2/(-2)). Calculate the highest common factor of 96 and q.
12
Let w(z) = z**2 - 28*z + 17. Let b be w(12). Let c = b - -255. What is the greatest common factor of 32 and c?
16
Suppose m + 31 = 4*w - w, -9 = -w - m. Calculate the highest common divisor of w and 4.
2
Let i be (-561)/21 - (-2)/(-7). Let b be (i/15)/((-1)/5). Calculate the highest common divisor of 27 and b.
9
Let m = 123 - 67. Calculate the greatest common divisor of 8 and m.
8
Let p = -12 - -20. Let l = 5 - p. Let x = l + 15. Calculate the greatest common factor of 48 and x.
12
Let b = 142 + -102. What is the highest common divisor of b and 10?
10
Suppose 0 = q - 3*q + 4. Suppose 5*l - 192 = x, 0*x + q = -x. Suppose 5*h - 72 = l. Calculate the highest common divisor of h and 33.
11
Let c(w) = -2*w**3 - 3*w**2 + 2*w + 3. Let x be c(-3). Calculate the greatest common divisor of x and 6.
6
Suppose -308 = 12*o - 14*o. What is the highest common factor of o and 22?
22
Let b(o) = -o**3 - 3*o**2 - 7*o - 5. Let s = 3 + -7. Let j be b(s). What is the highest common factor of j and 26?
13
Let s(f) = -f**3 + 2*f**2 + 3*f - 1. Let u be s(4). Let b = -12 - u. Let q be (6/b)/(2/39). Calculate the greatest common divisor of 143 and q.
13
Let y = -104 + 240. What is the greatest common factor of y and 51?
17
Let h(u) be the first derivative of 5*u**2 + 6*u - 3. Let a be h(6). Suppose -d + 7 = 1. Calculate the highest common divisor of d and a.
6
Suppose -3*o + 1 = -29. Let c be (64/o)/(1/30). Let u be 1/(-1 - c/(-189)). What is the highest common factor of 9 and u?
9
Let q = -44 - -70. Suppose i - 14 = 3*f - 0, i = -f - 2. Suppose 12 + 14 = i*n. What is the highest common divisor of q and n?
13
Suppose -4*k + 11 = -5. Suppose 5*b = -g + 7 + 7, -k*g = 5*b - 11. Suppose -b*f = -4*f + 8. What is the highest common divisor of 8 and f?
8
Let u be 6*3/(-9)*-1. Suppose 0 = -u*r - 10, -4*r - 21 = -2*o + 43. What is the highest common factor of 88 and o?
22
Let q be (-1)/(-3)*9/3. Let f = -3 + q. Let a be (f - -1) + -1 - -11. What is the greatest common factor of a and 81?
9
Let h = 43 - 19. What is the highest common divisor of h and 192?
24
Let o = 135 - 416. Let w = 497 + o. Calculate the greatest common factor of 24 and w.
24
Let s be ((-3)/(-6))/((-3)/(-30)). Let o = 1 + s. What is the greatest common factor of o and 6?
6
Suppose 2*q = 0, -68 = -0*j - 4*j + q. What is the highest common divisor of 170 and j?
17
Suppose -7 + 4 = -3*g. Let x be (28/(-20) + g)*-30. Calculate the greatest common factor of 4 and x.
4
Let c = 335 - 181. Let j(q) = 15*q**2 - q - 1. Let f be j(-1). Let u = 29 - f. What is the highest common divisor of c and u?
14
Suppose 6*u - 11*u = -5. Calculate the highest common factor of u and 7.
1
Suppose -5*c + 3 = -2*c. Suppose -4*u = 3*b - 16 + c, 5*b - 25 = 4*u. Suppose u*j = -4*j + 36. Calculate the highest common factor of 45 and j.
9
Let f = -51 + 87. Let j(p) = 2*p**3 - 3*p**2 + 1. Let w be j(2). Suppose 4*y - 99 = z, -4*z - 19 + 127 = w*y. What is the highest common divisor of f and y?
12
Suppose b - 2 = -0*b. Let l = 5 - 7. Let k be (-15)/(-5) + 0 + l. Calculate the highest common divisor of k and b.
1
Suppose 4*w - w = 42. What is the highest common divisor of 126 and w?
14
Let k(p) = -p**2 + 13*p + 16. Let b be k(12). What is the highest common factor of 70 and b?
14
Suppose 25 = -4*k + 65. Let m be (8/(-6))/((-4)/30). What is the highest common divisor of k and m?
10
Let r(w) = -w**2 - 7*w - 7. Let v be r(-5). Suppose -5*u + 5*j + 31 = -54, -2*j + 61 = v*u. Let k = 8 + u. What is the greatest common divisor of k and 9?
9
Let i = 5 + -4. Let y(f) = 6*f**2 + f - 1. Let g be y(i). Calculate the highest common divisor of 12 and g.
6
Let g(m) = 2*m**2 - 11*m + 5. Let s be g(7). Calculate the highest common factor of s and 234.
26
Let j = 202 + -162. What is the greatest common factor of 20 and j?
20
Suppose v = 8 - 3. Calculate the highest common factor of 1 and v.
1
Suppose 0 = -w - n + 12 + 2, 0 = 3*w - 3*n - 60. Suppose 2*o - w = 3. Calculate the greatest common factor of o and 25.
5
Let g(h) = -h**3 - 12*h**2 - 12*h + 13. Let b be g(-11). Calculate the highest common factor of b and 264.
24
Let g(y) = -5*y - 8. Let f(a) = -10*a - 17. Let u(x) = 2*f(x) - 5*g(x). Let p be u(3). Let v be (-1 + 15)*2/4. Calculate the greatest common divisor of v and p.
7
Let s = -17 - -11. Let k be 6 + s - (1 + -5). Suppose -84 = -4*g + 2*b, 4*g - b - 84 = -k*b. Calculate the highest common divisor of g and 21.
21
Suppose 3*r = -2*r + 140. Let n(d) be the first derivative of 8*d**3/3 - d - 1. Let a be n(-1). Calculate the greatest common divisor of a and r.
7
Let l(i) = -i**3 - 16*i**2 - 4*i - 31. Let c be l(-16). What is the highest common factor of c and 11?
11
Suppose q = -o + 11, 2*o = -2*q - 2*q + 24. Suppose 4*l - 2*l = o. Suppose 69 = -l*x + 1169. Calculate the highest common factor of 20 and x.
20
Let r = 36 - 26. Suppose 5*n - b - 79 = 0, 0 = -6*b + 5*b - 4. What is the highest common divisor of n and r?
5
Suppose 0 = 2*v + v + 75. Let c be (-5)/(v/(-2))*5. Let u be (-30)/12*c*1. What is the highest common divisor of 30 and u?
5
Let b = -23 - -86. What is the greatest common factor of b and 9